620. Calculate the greatest common factor of o and 543.
3
Let f be (-2*2)/((-1)/44). Suppose 3*v - 7*v + 2*r = -f, -2*r + 139 = 3*v. Let b be (0 - 4*12/56)*-210. What is the highest common divisor of b and v?
45
Let b(f) = f**2 + 60*f + 1579. Let c be b(-68). Calculate the highest common divisor of 77 and c.
11
Let h = -1096 - -1160. What is the greatest common factor of 12 and h?
4
Suppose 39 = q - 5*p, 5*p - 155 = 5*q - 390. Calculate the highest common factor of 3038 and q.
49
Let i(p) = 30*p + 624 + p**3 - 677 - 6*p**2 - 2*p**3 + 21*p**2. Let h be i(10). Calculate the greatest common factor of h and 9.
9
Suppose 85*z = 81*z + 3*q + 7725, 3*q - 9663 = -5*z. What is the greatest common divisor of z and 336?
84
Suppose 7*t - 879 = 40617. What is the highest common divisor of 104 and t?
104
Let a be 0 + 9/(36/17864). Suppose -10 = -2*w, 3*w + a = 2*v + 707. Let z be v/9 + (-4)/6. What is the greatest common divisor of 19 and z?
19
Let l be (6/4)/(1/66) + -1. What is the greatest common divisor of l and 4?
2
Let g be (9 - 8) + (5 - ((-12)/(-1))/(-6)). What is the highest common factor of 4612 and g?
4
Suppose 16*d + 36 = 13*d. Let b = 26 - d. Let r be (-8 - -6)/((-40)/b + 1). Calculate the greatest common divisor of r and 76.
38
Suppose 134 = -10*f + 14. Let l be (5/(-2))/(-6*(-1)/f). What is the highest common factor of l and 235?
5
Let n = 5 - 11. Let j be (n/4)/(6/(-32)). Let c be (3620/55 - -6) + (-68)/(-374). What is the greatest common factor of j and c?
8
Let a = -23 + 681. What is the greatest common divisor of a and 282?
94
Let r = 3017 + -2738. What is the highest common divisor of r and 31?
31
Suppose -5*m + 45 + 461 = r, -m + r = -106. Calculate the greatest common divisor of m and 1173.
51
Let w be (21481 - -4)/5 + (28 - 22). What is the highest common divisor of 13 and w?
13
Let l = 6062 - 5746. What is the highest common divisor of l and 790?
158
Let p be 53 - (4620/14)/(-15). Calculate the greatest common divisor of p and 18525.
75
Let u be (16/24)/((-2)/(-393)). Suppose 5*f + 0*q - u = 3*q, 0 = -4*f + 5*q + 97. Suppose -6*i = -10*i + f. Calculate the highest common factor of i and 7.
7
Let l be 100 + (0 - (4 + 0)). Let a(x) = -3*x - 33. Let p be a(-13). Let d be p/18 - (-142)/6. What is the greatest common factor of l and d?
24
Let c be ((-1)/(-5) + 20867/1540)/((-2)/(-8)). Calculate the highest common divisor of c and 3476.
11
Suppose 25*h + 19*h = 22*h + 70840. What is the greatest common factor of 12 and h?
4
Let q = -81 - -180. Let i(t) = -14*t - 37. Let l be i(-5). Suppose 5*m - 5 - 6 = -c, -3*m = 3*c - l. Calculate the highest common factor of q and c.
11
Suppose 4251613 = 116*n + 2281314 - 3225921. Calculate the highest common factor of n and 289.
289
Suppose 0 = -3*z - x + 112, 61*z + 38 = 62*z + x. What is the highest common divisor of z and 5180?
37
Let w = -31 + 55. Suppose -4*b = 27*o - 25*o - 334, 4*b + 5*o - 331 = 0. What is the highest common divisor of b and w?
12
Suppose 2*i - 4*a = 326, -10*a + 7*a = 15. Let m = 291 - i. What is the highest common factor of m and 23?
23
Let q = 30 - 25. Suppose -6*a + 2*d = -a - 67, 4*d - 61 = -q*a. Calculate the greatest common divisor of a and 26.
13
Let w(o) = -3713*o - 6510. Let c be w(-6). Calculate the greatest common divisor of 216 and c.
216
Suppose -5*g = -6*j + 10206, 4*j + 5*g + 148 = 6952. What is the highest common factor of j and 216?
27
Let x be (24/(-30))/((-2)/45). Suppose -7*c + 10*c = 9. Suppose 4*a = -c*a + 14. What is the greatest common factor of x and a?
2
Let t = -2935 - -5455. Calculate the highest common divisor of t and 135.
45
Let w(f) = -24*f - 169. Let j be w(-14). What is the greatest common divisor of 334 and j?
167
Suppose 156*d - 15732 = -72*d. Let v(w) = -9*w - 8. Suppose 3*i + 0*i = -18. Let x be v(i). What is the greatest common divisor of x and d?
23
Suppose -47*t = 40 - 4411. What is the highest common factor of 2697 and t?
93
Suppose -3*k = -4*i - 792, -868*k + 867*k + 5*i = -264. Calculate the highest common factor of k and 627.
33
Suppose 3*l - 7*l = -148. Let f = l - 15. Let x be (-6)/42 + 1545/35. What is the greatest common factor of f and x?
22
Suppose 0 = 10*b + 560 - 11360. What is the greatest common divisor of b and 240?
120
Suppose -4*m = -o - 7 + 18, -m = 5*o - 55. Suppose o*w - 315 = 4*w. Calculate the greatest common factor of 315 and w.
45
Suppose -4*u = -2*v + 20, 0*u + u = -v + 10. Let s(z) = -7*z - 80. Let p be s(-13). Let o be (p + 13)*(-5)/(-4). Calculate the highest common factor of v and o.
10
Suppose x - 2 = -13. Let q = 25 - x. Let c be -8 - (-18 + (-9 - -11)). Calculate the highest common factor of q and c.
4
Suppose -38*h - 87 = -5*x - 37*h, -h = 3*x - 57. Suppose -8*w = -3*w - 25. Let v be 143/1 + (w - 4). What is the highest common factor of v and x?
18
Let v be (-498 + 1)*56/56. Let u = -212 - v. What is the highest common factor of u and 15?
15
Let g(q) = q**3 + 17*q**2 + 18*q + 34. Let u be g(-16). Suppose 2*d + 7*v - 2*v = 47, 5*v = d + 14. Calculate the highest common factor of u and d.
1
Suppose -4 = a, 4*d - 3*a - a = 48. Suppose 2*r - 122 = d*b - 10*b, -4*r + 235 = -5*b. What is the greatest common divisor of 135 and r?
15
Let u(a) be the first derivative of 31*a**3/3 - a**2/2 + 2*a + 118. Let c be u(2). What is the highest common factor of c and 310?
62
Suppose 13*t - 8411 = -2366. Let q be t + (0 - (-4 + 7 - 2)). Calculate the highest common divisor of 29 and q.
29
Let a = 45 + -25. Let g be ((-2)/6)/((12/702)/(-2)). Let m be g/(-33) - (-10)/55 - -11. What is the greatest common divisor of a and m?
10
Suppose -2*h = h + x + 4, 3*h = -5*x + 16. Let j be (68 - (-3 + 3 + h))*-1. Let k = 78 + j. Calculate the highest common factor of 35 and k.
7
Let d(h) = -2*h - 28. Let y be d(-22). Let i be 1395/20 - (-4)/y. What is the greatest common divisor of 20 and i?
10
Let x = -310 + 315. Let u = -11 - -16. Let h be (-44)/(-3) - ((-10)/6)/u. Calculate the highest common divisor of x and h.
5
Let l = -17 + 39. Suppose -55 = -11*w + 12*w. Let y = -44 - w. Calculate the highest common factor of y and l.
11
Let s = -1028 - -2711. What is the highest common divisor of s and 63?
9
Let m = 29 - 25. Suppose -m*o - 436 = -3*i, 5*i - 75*o - 696 = -76*o. Let p = 33 - 13. Calculate the greatest common factor of i and p.
20
Let f be 16*45/432 - 60/9 - -878. Suppose -10 = -5*z + 35. What is the greatest common factor of f and z?
9
Let g(w) be the second derivative of w**4/2 + 44*w**3/3 + 9*w**2/2 - 2*w + 2. Let p be g(-15). Calculate the greatest common factor of p and 52.
13
Suppose -4*w = -7*w - 3*a + 3, 2*a + 2 = 0. Suppose -3*u - 4*n - 324 = -6*u, 216 = 2*u + w*n. Calculate the highest common factor of u and 36.
36
Suppose 0 = 93*m - 82*m - 1408. Calculate the highest common factor of m and 5184.
64
Let w = 79 - 79. Suppose w = 19*s - 26*s + 14. What is the highest common divisor of s and 25?
1
Let b(q) be the second derivative of 1/3*q**4 - 29*q**2 - 21*q + 0 + 7/6*q**3. Let j be b(-10). What is the highest common factor of j and 34?
34
Let n be ((-1)/(-2)*136/(-204))/((-6)/486). What is the greatest common factor of n and 19?
1
Let x(l) = -18*l**3 - 2*l**2 + l. Let q be x(-3). Suppose -179*i + 661 + 1690 = -334. What is the greatest common factor of q and i?
15
Let x(z) = -z**2 - 21*z + 34. Let q be x(-13). Let n be -2*2/((-8)/q)*3. What is the greatest common divisor of n and 9?
9
Let j = 877 + -240. Let v = j + 146. What is the greatest common factor of 27 and v?
27
Let u(j) = j**3 - 15*j**2 - 422. Let d be u(18). Calculate the highest common factor of 1300 and d.
50
Let x be (13/(1482/(-133)))/(2/(-48)). Calculate the greatest common factor of x and 2471.
7
Let f be (16736/20)/((-10)/(-25)). Let t be 1/(-7)*-2 + f/28. Let b = 79 - t. What is the greatest common factor of b and 10?
2
Let v = 2360 - 1991. Calculate the greatest common divisor of v and 72.
9
Let f(b) = b**3 + 22*b**2 + 32*b + 40. Let w be f(-20). Let k = 224 - w. Calculate the greatest common divisor of 24 and k.
24
Suppose 6*o - 21 = -9. Suppose o*c - 249 = -f, -7*c + 981 = 4*f - 4*c. Let b = -40 - -67. What is the greatest common factor of f and b?
27
Let g be (-28)/77 - 51792/(-858). What is the highest common factor of g and 13620?
60
Let x = 3